ite?
False
Is 38053 a prime number?
True
Is 34439 a prime number?
True
Is 739 prime?
True
Is 59005 a composite number?
True
Is 180307 a prime number?
True
Is 135553 a prime number?
False
Is 103867 a composite number?
False
Is 57433 a composite number?
True
Is 113 composite?
False
Is 59695 prime?
False
Is 8849 composite?
False
Is 307282 a prime number?
False
Is 16999 composite?
True
Is 102493 a prime number?
False
Is 2573 composite?
True
Is 1199051 a prime number?
False
Is 2405473 a prime number?
False
Is 1646 a composite number?
True
Is 18547 a composite number?
True
Is 93593 a prime number?
False
Is 1967 a composite number?
True
Is 1527931 a composite number?
False
Is 421519 a prime number?
False
Is 11929 a prime number?
False
Is 4742 composite?
True
Is 1375593 composite?
True
Is 60139 a composite number?
False
Is 12373 composite?
False
Is 2183 a prime number?
False
Is 699 a composite number?
True
Is 22973 a composite number?
False
Is 93683 a composite number?
False
Is 121909 composite?
False
Is 14591 a prime number?
True
Is 29269 composite?
False
Is 2517 a prime number?
False
Is 6947 a composite number?
False
Is 1239407 a prime number?
False
Is 321 a composite number?
True
Is 80959 composite?
True
Is 957811 composite?
False
Is 5981 prime?
True
Is 347141 prime?
True
Is 204461 composite?
False
Is 9851 a composite number?
False
Is 7283 a composite number?
False
Is 12323 a prime number?
True
Is 24571 a composite number?
False
Is 25579 a composite number?
False
Is 169453 composite?
True
Is 2406821 prime?
True
Is 52042 a composite number?
True
Is 24169 a prime number?
True
Is 164759 composite?
True
Is 20873 a prime number?
True
Is 585733 prime?
True
Is 147529 a prime number?
False
Is 31351 a prime number?
False
Is 714097 a prime number?
False
Is 5669 prime?
True
Is 4483 a prime number?
True
Is 77207 a prime number?
False
Is 38081 a composite number?
True
Is 128306 a composite number?
True
Is 719429 a prime number?
False
Is 61573 a prime number?
False
Is 28463 prime?
True
Is 24611 a prime number?
True
Is 366449 composite?
True
Is 35761 prime?
False
Is 4971 prime?
False
Is 228131 a composite number?
False
Is 306301 composite?
False
Is 97233 a prime number?
False
Is 4369 a prime number?
False
Is 237043 composite?
False
Is 574939 composite?
False
Is 13929 prime?
False
Is 17291 prime?
True
Is 1759 a composite number?
False
Is 1847 a prime number?
True
Is 181141 prime?
True
Is 21557 composite?
False
Is 17371 a prime number?
False
Is 4441 prime?
True
Is 31873 composite?
False
Is 514963 prime?
False
Is 276079 prime?
True
Is 29177 composite?
True
Is 835286 a composite number?
True
Is 179 a composite number?
False
Is 363635 composite?
True
Is 118453 a prime number?
True
Is 29846 a composite number?
True
Is 67939 a prime number?
True
Is 11863 composite?
False
Is 1937 a composite number?
True
Is 7963 composite?
False
Is 7831 a prime number?
False
Is 17257 a prime number?
True
Is 115399 a prime number?
True
Is 239231 a composite number?
False
Is 133519 a composite number?
False
Is 70559 prime?
False
Is 742801 a composite number?
False
Is 1163417 a composite number?
False
Is 456499 prime?
True
Is 8187 prime?
False
Is 26045 composite?
True
Is 11959 a prime number?
True
Is 113657 prime?
True
Is 115489 prime?
False
Is 1067 prime?
False
Is 18947 a prime number?
True
Is 1073 a composite number?
True
Is 19277 a composite number?
True
Is 118149 a prime number?
False
Is 503707 a composite number?
False
Is 27997 prime?
True
Is 18119 a prime number?
True
Is 2471 prime?
False
Is 27329 a prime number?
True
Is 15481 prime?
False
Is 1259 prime?
True
Is 38899 a composite number?
True
Is 30829 a composite number?
False
Is 169961 a composite number?
True
Is 12071 composite?
False
Is 5078 prime?
False
Is 840671 prime?
False
Is 35031 composite?
True
Is 8147 composite?
False
Is 205391 composite?
False
Is 468353 a prime number?
True
Is 3065305 a prime number?
False
Is 123751 prime?
False
Is 253889 a composite number?
True
Is 180571 composite?
True
Is 153781 a prime number?
False
Is 13319 composite?
True
Is 34757 composite?
False
Is 233 composite?
False
Is 40955 a prime number?
False
Is 51307 prime?
True
Is 839323 a composite number?
False
Is 9921 a composite number?
True
Is 43069 composite?
True
Is 303257 composite?
False
Is 242409 a prime number?
False
Is 150299 composite?
False
Is 41941 a composite number?
False
Is 3587 prime?
False
Is 6467 a prime number?
False
Is 112183 composite?
True
Is 210929 prime?
True
Is 138097 a prime number?
False
Is 214039 a prime number?
False
Is 2437 prime?
True
Is 119587 a prime number?
False
Is 33673 a prime number?
False
Is 619 composite?
False
Is 335 a prime number?
False
Is 1247 composite?
True
Is 1961 prime?
False
Is 8594 a composite number?
True
Is 839599 a prime number?
True
Is 7427 composite?
True
Is 33377 prime?
True
Is 127207 prime?
True
Is 623 composite?
True
Is 12347 composite?
False
Is 28339 composite?
True
Is 41843 composite?
False
Is 290881 a prime number?
False
Is 68167 composite?
True
Is 58423 a composite number?
True
Is 80167 a prime number?
True
Is 430403 a prime number?
False
Is 716837 composite?
True
Is 123499 a composite number?
False
Is 466261 a prime number?
True
Is 930931 a prime number?
True
Is 1381 a composite number?
False
Is 70637 a prime number?
False
Is 64219 prime?
False
Is 192194 prime?
False
Is 15997 prime?
False
Is 789527 a prime number?
True
Is 19553 a composite number?
False
Is 51257 a prime number?
True
Is 6959 a prime number?
True
Is 187203 a prime number?
False
Is 907 a prime number?
True
Is 501959 a composite number?
True
Is 155609 a composite number?
False
Is 538495 a prime number?
False
Is 2039 a composite number?
False
Is 106333 prime?
False
Is 1185247 prime?
False
Is 15731 a composite number?
False
Is 533447 prime?
True
Is 81961 composite?
True
Is 291 a prime number?
False
Is 143839 prime?
False
Is 180451 a prime number?
False
Is 119233 composite?
False
Is 529703 composite?
True
Is 261295 composite?
True
Is 3637 prime?
True
Is 19585 a prime number?
False
Is 16963 prime?
True
Is 332479 a prime number?
False
Is 5033063 a composite number?
True
Is 285319 prime?
False
Is 8923 a composite number?
False
Is 68141 a composite number?
False
Is 9722 a composite number?
True
Is 117163 a prime number?
True
Is 75103 a prime number?
False
Is 1807 composite?
True
Is 10229 a prime number?
False
Is 253 prime?
False
Is 517 a composite number?
True
Is 29521 a prime number?
False
Is 40585 composite?
True
Is 34939 composite?
False
Is 26669 composite?
False
Is 245693 a composite number?
True
Is 3683 prime?
False
Is 24865 a prime number?
False
Is 11402 a composite number?
True
Is 1960601 a composite number?
True
Is 52077 composite?
True
Is 111985 composite?
True
Is 6901 a prime number?
False
Is 828961 a composite number?
True
Is 75127 a prime number?
False
Is 6637 a prime number?
True
Is 1939 a prime number?
False
Is 15373 a prime number?
True
Is 44753 composite?
False
Is 2393821 a prime number?
False
Is 638069 a composite number?
True
Is 70051 prime?
True
Is 34311 a composite number?
True
Is 77911 a composite number?
True
Is 197447 prime?
False
Is 632191 composite?
True
Is 19921 prime?
False
Is 84679 composite?
True
Is 26557 a prime number?
True
Is 30187 prime?
True
Is 4834063 prime?
False
Is 346079 a composite number?
False
Is 640591 composite?
True
Is 70717 prime?
True
Is 40277 a prime number?
True
Is 1408111 a prime number?
True
Is 65777 prime?
True
Is 38131 prime?
False
Is 1597 composite?
False
Is 37429 composite?
True
Is 215051 prime?
True
Is 33987 a composite number?
True
Is 147413 a prime number?
False
Is 6823 a prime number?
True
Is 1351 prime?
False
Is 56857 a composite number?
False
Is 29527 composite?
False
Is 57637 a composite number?
False
Is 4783 a composite number?
False
Is 232073 composite?
False
Is 2329 prime?
False
Is 15253 a prime number?
False
Is 1043 prime?
False
Is 1166883 a composite number?
True
Is 44417 a prime number?
True
Is 34717 a prime number?
False
Is 158989 a composite number?
True
Is 338251 prime?
True
Is 1638431 prime?
True
Is 6033 a prime number?
False
Is 2453 prime?
False
Is 35831 prime?
True
Is 1823 composite?
False
Is 105289 a prime number?
False
Is 945143 a prime number?
True
Is 7445